{"id":67,"date":"2022-12-02T09:16:19","date_gmt":"2022-12-02T09:16:19","guid":{"rendered":"https:\/\/www.siltakylanviljelijat.com\/?page_id=67"},"modified":"2025-08-01T09:43:20","modified_gmt":"2025-08-01T09:43:20","slug":"yleista-infoa-jasenyydesta","status":"publish","type":"page","link":"https:\/\/www.siltakylanviljelijat.com\/?page_id=67","title":{"rendered":"Yleist\u00e4 infoa j\u00e4senyydest\u00e4"},"content":{"rendered":"<p><span style=\"color: #000000;\"><span style=\"font-family: Arial;\"><span style=\"font-size: xx-small;\">Viimeinen maksup\u00e4iv\u00e4 on todella viimeinen maksup\u00e4iv\u00e4. Jos asiassa on ongelmia niin ota yhteytt\u00e4 hyviss\u00e4 ajoin, ei vasta viimeisen\u00e4 er\u00e4p\u00e4iv\u00e4n\u00e4. Palstamaksun laiminly\u00f6nnist\u00e4 seuraa palstan menetys.<br \/>\nViljely on aloitettava 31.5 menness\u00e4.<br \/>\nYleisest\u00e4 kompostipalstasta (36) on luovuttu jo aikaisemmin. Sit\u00e4 ei saa en\u00e4\u00e4 k\u00e4ytt\u00e4\u00e4. Kaikki nopeasti maatuva j\u00e4te pit\u00e4\u00e4 kompostoida omalla palstalla tai se kuljetettava pois viljelyalueelta. Kompostij\u00e4te on mit\u00e4 parasta maanlannoitetta. Siksi omalla palstalla kompostoiminen on eritt\u00e4in suositeltavaa.<br \/>\nUuden viljelij\u00e4n sek\u00e4 jonottajan tulee ilmoittaa yhteyshenkil\u00f6lle mieluiten s\u00e4hk\u00f6postilla nimi, osoite, puh.nro sek\u00e4 palstan koko jonka haluaa (jonottaja ilmoittaa).\u00a0 Muistathan ilmoittaa <em>aina<\/em> muutos osoitteessa, puh.nro:ssa tai s\u00e4hk\u00f6postiosoitteessa yhteyshenkil\u00f6lle ( puheenjohtaja).<br \/>\nHelsingin kaupungin k\u00e4ytt\u00f6- ja hoito-ohjeet viljelypalsta-alueille n\u00e4et <\/span><\/span><\/span><a href=\"https:\/\/www.hel.fi\/static\/hkr\/julkaisut\/ohjeet\/viljelypalstojen-k%C3%A4ytt%C3%B6-ja-hoito-ohje.pdf\" target=\"_blank\" rel=\"noopener\"><span style=\"color: #228b22;\"><span style=\"font-family: Arial;\"><span style=\"font-size: xx-small;\"><u><strong>t\u00e4st\u00e4<\/strong><\/u><\/span><\/span><\/span><\/a><span style=\"color: #000000;\"><span style=\"font-family: Arial;\"><span style=\"font-size: xx-small;\">. Yhdistyksen s\u00e4\u00e4nn\u00f6t l\u00f6ytyv\u00e4t t\u00e4st\u00e4: <strong><a href=\"http:\/\/www.siltakylanviljelijat.com\/wp-content\/uploads\/2022\/12\/Scan_20210611_155412_omat-saannot.pdf\" target=\"_blank\" rel=\"noopener\">S\u00e4\u00e4nn\u00f6t<\/a><\/strong>.<\/span><\/span><\/span><\/p>\n","protected":false},"excerpt":{"rendered":"<p>Viimeinen maksup\u00e4iv\u00e4 on todella viimeinen maksup\u00e4iv\u00e4. Jos asiassa on ongelmia niin ota yhteytt\u00e4 hyviss\u00e4 ajoin, ei vasta viimeisen\u00e4 er\u00e4p\u00e4iv\u00e4n\u00e4. Palstamaksun laiminly\u00f6nnist\u00e4 seuraa palstan menetys. Viljely on aloitettava 31.5 menness\u00e4. Yleisest\u00e4 kompostipalstasta (36) on luovuttu jo aikaisemmin. Sit\u00e4 ei saa en\u00e4\u00e4 k\u00e4ytt\u00e4\u00e4. Kaikki nopeasti maatuva j\u00e4te pit\u00e4\u00e4 kompostoida omalla palstalla tai se kuljetettava pois viljelyalueelta. Kompostij\u00e4te &#8230; <a title=\"Yleist\u00e4 infoa j\u00e4senyydest\u00e4\" class=\"read-more\" href=\"https:\/\/www.siltakylanviljelijat.com\/?page_id=67\" aria-label=\"Lis\u00e4\u00e4 Yleist\u00e4 infoa j\u00e4senyydest\u00e4\">Lue lis\u00e4\u00e4<\/a><\/p>\n","protected":false},"author":1,"featured_media":0,"parent":0,"menu_order":0,"comment_status":"closed","ping_status":"closed","template":"","meta":{"footnotes":""},"class_list":["post-67","page","type-page","status-publish"],"_links":{"self":[{"href":"https:\/\/www.siltakylanviljelijat.com\/index.php?rest_route=\/wp\/v2\/pages\/67","targetHints":{"allow":["GET"]}}],"collection":[{"href":"https:\/\/www.siltakylanviljelijat.com\/index.php?rest_route=\/wp\/v2\/pages"}],"about":[{"href":"https:\/\/www.siltakylanviljelijat.com\/index.php?rest_route=\/wp\/v2\/types\/page"}],"author":[{"embeddable":true,"href":"https:\/\/www.siltakylanviljelijat.com\/index.php?rest_route=\/wp\/v2\/users\/1"}],"replies":[{"embeddable":true,"href":"https:\/\/www.siltakylanviljelijat.com\/index.php?rest_route=%2Fwp%2Fv2%2Fcomments&post=67"}],"version-history":[{"count":8,"href":"https:\/\/www.siltakylanviljelijat.com\/index.php?rest_route=\/wp\/v2\/pages\/67\/revisions"}],"predecessor-version":[{"id":124,"href":"https:\/\/www.siltakylanviljelijat.com\/index.php?rest_route=\/wp\/v2\/pages\/67\/revisions\/124"}],"wp:attachment":[{"href":"https:\/\/www.siltakylanviljelijat.com\/index.php?rest_route=%2Fwp%2Fv2%2Fmedia&parent=67"}],"curies":[{"name":"wp","href":"https:\/\/api.w.org\/{rel}","templated":true}]}}